{"id":18,"date":"2022-11-17T21:40:49","date_gmt":"2022-11-17T20:40:49","guid":{"rendered":"https:\/\/www.anleggskortet.no\/?page_id=18"},"modified":"2023-04-19T16:24:19","modified_gmt":"2023-04-19T15:24:19","slug":"ofte-stilte-sporsmal","status":"publish","type":"page","link":"https:\/\/www.anleggskortet.no\/?page_id=18","title":{"rendered":"Ofte stilte sp\u00f8rsm\u00e5l"},"content":{"rendered":"\t\t<div data-elementor-type=\"wp-page\" data-elementor-id=\"18\" class=\"elementor elementor-18\">\n\t\t\t\t\t\t<section class=\"elementor-section elementor-top-section elementor-element elementor-element-e94d73b elementor-section-boxed elementor-section-height-default elementor-section-height-default\" data-id=\"e94d73b\" data-element_type=\"section\" data-e-type=\"section\">\n\t\t\t\t\t\t<div class=\"elementor-container elementor-column-gap-default\">\n\t\t\t\t\t<div class=\"elementor-column elementor-col-100 elementor-top-column elementor-element elementor-element-3f7240fc\" data-id=\"3f7240fc\" data-element_type=\"column\" data-e-type=\"column\">\n\t\t\t<div class=\"elementor-widget-wrap elementor-element-populated\">\n\t\t\t\t\t\t<div class=\"elementor-element elementor-element-257305c1 elementor-widget elementor-widget-text-editor\" data-id=\"257305c1\" data-element_type=\"widget\" data-e-type=\"widget\" data-widget_type=\"text-editor.default\">\n\t\t\t\t<div class=\"elementor-widget-container\">\n\t\t\t\t\t\t\t\t\t<p><strong style=\"margin: 0px; padding: 0px; border: 0px; font-size: 14px; vertical-align: baseline; color: #444444; font-family: 'Open Sans', Helvetica, Arial, sans-serif;\">Hvordan bestille HMS-kort (byggekort)?<\/strong><br style=\"color: #444444; font-family: 'Open Sans', Helvetica, Arial, sans-serif; font-size: 14px;\" \/><span style=\"color: #444444; font-family: 'Open Sans', Helvetica, Arial, sans-serif; font-size: 14px;\">Du bestiller enklest ved \u00e5 benytte skjemaet p\u00e5 v\u00e5r\u00a0<\/span><a style=\"margin: 0px; padding: 0px; border: 0px; font-size: 14px; vertical-align: baseline; outline: none; color: #21759b; font-family: 'Open Sans', Helvetica, Arial, sans-serif; background-color: #ffffff;\" href=\"https:\/\/www.anleggskortet.no\/?page_id=12\">bestillingsside<\/a><span style=\"color: #444444; font-family: 'Open Sans', Helvetica, Arial, sans-serif; font-size: 14px;\">, alternativt kan du sende en epost med n\u00f8dvendig informasjon til\u00a0<\/span><a style=\"margin: 0px; padding: 0px; border: 0px; font-size: 14px; vertical-align: baseline; outline: none; color: #21759b; font-family: 'Open Sans', Helvetica, Arial, sans-serif; background-color: #ffffff;\" href=\"mailto:hmskort@kursleverandoren.no\">hmskort@kursleverandoren.no<\/a><span style=\"color: #444444; font-family: 'Open Sans', Helvetica, Arial, sans-serif; font-size: 14px;\">. For informasjon om hva salgs opplysninger du m\u00e5 legge ved i eposten, g\u00e5 v\u00e5r side for e-post bestilling\u00a0<\/span><a style=\"margin: 0px; padding: 0px; border: 0px; font-size: 14px; vertical-align: baseline; outline: none; color: #21759b; font-family: 'Open Sans', Helvetica, Arial, sans-serif; background-color: #ffffff;\" href=\"https:\/\/www.anleggskortet.no\/?page_id=12\">HER<\/a><span style=\"color: #444444; font-family: 'Open Sans', Helvetica, Arial, sans-serif; font-size: 14px;\">.<\/span><\/p><p style=\"margin-bottom: 1.71429rem; font-size: 14px; line-height: 1.71429; color: #444444; font-family: 'Open Sans', Helvetica, Arial, sans-serif; font-style: normal; font-weight: 400;\"><strong style=\"margin: 0px; padding: 0px; border: 0px; vertical-align: baseline;\">Er HMS kort, Byggekort og Gr\u00f8ntkort det samme?<\/strong><br \/>Ja, kj\u00e6rt barn har mange navn. Dette er alle forskjellige navn p\u00e5 det samme kortet.<\/p><p style=\"margin-bottom: 1.71429rem; font-size: 14px; line-height: 1.71429; color: #444444; font-family: 'Open Sans', Helvetica, Arial, sans-serif; font-style: normal; font-weight: 400;\"><strong style=\"margin: 0px; padding: 0px; border: 0px; vertical-align: baseline;\">Hvilken farge har kortet?<\/strong><br \/>I 2023 er fargen p\u00e5 HMS-kort til bygg- og anleggsbransjen gr\u00e5tt.<\/p><p style=\"margin-bottom: 1.71429rem; font-size: 14px; line-height: 1.71429; color: #444444; font-family: 'Open Sans', Helvetica, Arial, sans-serif; font-style: normal; font-weight: 400;\"><strong style=\"margin: 0px; padding: 0px; border: 0px; vertical-align: baseline;\">Hvor lang tid tar det f\u00f8r jeg mottar kortet?<\/strong><br \/>Fra vi mottar din bestilling tar det normalt ca. 1 uke f\u00f8r du mottar ditt HMS kort. Det med forbehold om at bedriften og den ansatte er innmeldt i alle n\u00f8dvendige registre (Mva. registeret, AA registeret). For renholdskort m\u00e5 bedriften ogs\u00e5 v\u00e6re innmeldt i Renholdsregisteret. Leveringstiden p\u00e5 1 uke er ogs\u00e5 forbeholdt at de n\u00f8dvendige delegasjoner blir gjort slik som beskrevet i ordrebekreftelsen du mottar fra oss etter du har sendt oss din bestilling.<\/p><p style=\"margin-bottom: 1.71429rem; font-size: 14px; line-height: 1.71429; color: #444444; font-family: 'Open Sans', Helvetica, Arial, sans-serif; font-style: normal; font-weight: 400;\"><strong style=\"margin: 0px; padding: 0px; border: 0px; vertical-align: baseline;\">Kan vi f\u00e5 midlertidig bevis?<\/strong><br \/>N\u00e5r vi mottar din bestilling, vil vi sende deg en ordrebekreftelse i retur. Denne er normalt god nok dokumentasjon. Dersom du har behov for ytterligere dokumentasjon kan vi sende midlertidig HMS-kort med QR-kode p\u00e5 epost etter 1-2 dager. Dette forutsetter at bildene blir godkjent av Arbeidstilsynet, og at personer som skal ha kort er registrert\/innmeldt i alle registre. Dette forutsetter ogs\u00e5 at vi er blitt delegert tilgang til slik som beskrevet i ordrebekreftelsen.<\/p><p style=\"margin-bottom: 1.71429rem; font-size: 14px; line-height: 1.71429; color: #444444; font-family: 'Open Sans', Helvetica, Arial, sans-serif; font-style: normal; font-weight: 400;\"><strong style=\"margin: 0px; padding: 0px; border: 0px; vertical-align: baseline;\">Hva er Aa-registeret?<\/strong><br \/>Aa-registeret (arbeidsgiver- og arbeidstakerregisteret) eies og forvaltes av NAV, og er et register som gir en oversikt over alle arbeidsforhold i Norge, med noen f\u00e5 definerte unntak.<\/p><p style=\"margin-bottom: 1.71429rem; font-size: 14px; line-height: 1.71429; color: #444444; font-family: 'Open Sans', Helvetica, Arial, sans-serif; font-style: normal; font-weight: 400;\"><strong style=\"margin: 0px; padding: 0px; border: 0px; vertical-align: baseline;\">Hvordan blir man innmeldt i Aa-registeret?<\/strong><br \/>Normalt sett blir man innmeldt i Aa-registeret via a-melding som blir sendt fra l\u00f8nnssystemet i forbindelse med l\u00f8nnskj\u00f8ring. Du kan h\u00f8re med l\u00f8nnsansvarlig i bedriften om \u00e5 melde personer inn i Aa-registeret.<\/p><p style=\"margin-bottom: 1.71429rem; font-size: 14px; line-height: 1.71429; color: #444444; font-family: 'Open Sans', Helvetica, Arial, sans-serif; font-style: normal; font-weight: 400;\"><strong style=\"margin: 0px; padding: 0px; border: 0px; vertical-align: baseline;\">Jeg er ansatt i ett firma, men er utleid til et annet. Hvilket organisasjonsnummer skal dere ha?<\/strong><br \/>Vi skal ha organisasjonsnummeret til foretaket du er ansatt i, ikke det du er utleid til. Vi trenger derimot ogs\u00e5 informasjon om foretaket du er utleid til dersom det er det foretaket som skal ha faktura.<\/p><p style=\"margin-bottom: 1.71429rem; font-size: 14px; line-height: 1.71429; color: #444444; font-family: 'Open Sans', Helvetica, Arial, sans-serif; font-style: normal; font-weight: 400;\"><strong style=\"margin: 0px; padding: 0px; border: 0px; vertical-align: baseline;\">Jeg er eier av enkeltpersonforetak, og trenger HMS-kort, men jeg er ikke innmeldt i Aa-registeret?<\/strong><br \/>Arbeidstaker m\u00e5 i hovedsak v\u00e6re innmeldt i Aa-registeret, men dersom du er eier av et enkeltpersonforetak er du automatisk unntaksregistrert i systemet, s\u00e5 det er ikke noe problem!<\/p><p style=\"margin-bottom: 1.71429rem; font-size: 14px; line-height: 1.71429; color: #444444; font-family: 'Open Sans', Helvetica, Arial, sans-serif; font-style: normal; font-weight: 400;\"><strong style=\"margin: 0px; padding: 0px; border: 0px; vertical-align: baseline;\">Hva gj\u00f8r jeg om foretaket ikke er registrert i MVA-registeret?<\/strong><br \/>For \u00e5 kunne bestille HMS kort m\u00e5 bedriften v\u00e6re registrert i MVA-registeret. Bedriften kan ogs\u00e5 bli unntaksregistrert i MVA-registeret i HMS-kort systemet. Ta gjerne kontakt med oss om du har ytterligere sp\u00f8rsm\u00e5l rundt MVA registrering av bedriften.<\/p><p style=\"margin-bottom: 1.71429rem; font-size: 14px; line-height: 1.71429; color: #444444; font-family: 'Open Sans', Helvetica, Arial, sans-serif; font-style: normal; font-weight: 400;\"><strong style=\"margin: 0px; padding: 0px; border: 0px; vertical-align: baseline;\">Jeg har akkurat startet enkeltpersonforetak, og m\u00e5 ha HMS-kort. Hva m\u00e5 jeg gj\u00f8re?<\/strong><br \/>Da f\u00f8lger du vanlig bestillingsprosedyre.<\/p><p style=\"margin-bottom: 1.71429rem; font-size: 14px; line-height: 1.71429; color: #444444; font-family: 'Open Sans', Helvetica, Arial, sans-serif; font-style: normal; font-weight: 400;\"><strong style=\"margin: 0px; padding: 0px; border: 0px; vertical-align: baseline;\">F\u00e5r vi ogs\u00e5 faktura fra Evry Card for HMS-kortet?<\/strong><br \/>Nei. N\u00e5r du bestiller HMS kort fra oss, er det kun faktura fra oss du mottar. Hvis det skulle skjedd at du ha mottatt faktura fra Evry Card for HMS-kortet i tillegg kan du ta kontakt med oss.<\/p><p style=\"margin-bottom: 1.71429rem; font-size: 14px; line-height: 1.71429; color: #444444; font-family: 'Open Sans', Helvetica, Arial, sans-serif; font-style: normal; font-weight: 400;\"><strong style=\"margin: 0px; padding: 0px; border: 0px; vertical-align: baseline;\">Hvor lenge er HMS-kortet gyldig?<\/strong><br \/>HMS kortet er gyldig i 2 \u00e5r. Vi tar kontakt f\u00f8r kortet m\u00e5 fornyes.<\/p><p style=\"margin-bottom: 1.71429rem; font-size: 14px; line-height: 1.71429; color: #444444; font-family: 'Open Sans', Helvetica, Arial, sans-serif; font-style: normal; font-weight: 400;\"><strong style=\"margin: 0px; padding: 0px; border: 0px; vertical-align: baseline;\">Har du andre sp\u00f8rsm\u00e5l?<\/strong><br \/>Dersom du har andre sp\u00f8rsm\u00e5l ta gjerne kontakt med oss. Ellers viser vi til\u00a0<a style=\"margin: 0px; padding: 0px; border: 0px; vertical-align: baseline; outline: none; color: #21759b;\" href=\"http:\/\/www.arbeidstilsynet.no\/fakta.html?tid=95426\/\" target=\"_blank\" rel=\"noopener noreferrer\">Arbeidstilsynets nettside<\/a>\u00a0for informasjon om HMS-kort i bygg \u2013 og anleggsn\u00e6ringen.<br \/>Dersom det er HMS-kort for renholdsbransjen du har sp\u00f8rsm\u00e5l rundt, viser vi til\u00a0<a style=\"margin: 0px; padding: 0px; border: 0px; vertical-align: baseline; outline: none; color: #21759b;\" href=\"https:\/\/www.arbeidstilsynet.no\/hms\/hms-kort-renhold\/\" target=\"_blank\" rel=\"noopener noreferrer\">Arbeidstilsynets nettside<\/a>\u00a0for informasjon om HMS-kort i renholdsbransjen.<\/p>\t\t\t\t\t\t\t\t<\/div>\n\t\t\t\t<\/div>\n\t\t\t\t\t<\/div>\n\t\t<\/div>\n\t\t\t\t\t<\/div>\n\t\t<\/section>\n\t\t\t\t<\/div>\n\t\t","protected":false},"excerpt":{"rendered":"<p>Hvordan bestille HMS-kort (byggekort)?Du bestiller enklest ved \u00e5 benytte skjemaet p\u00e5 v\u00e5r\u00a0bestillingsside, alternativt kan du sende en epost med n\u00f8dvendig informasjon til\u00a0hmskort@kursleverandoren.no. For informasjon om hva salgs opplysninger du m\u00e5 legge ved i eposten, g\u00e5 v\u00e5r side for e-post bestilling\u00a0HER. Er HMS kort, Byggekort og Gr\u00f8ntkort det samme?Ja, kj\u00e6rt barn har mange navn. Dette er [&hellip;]<\/p>\n","protected":false},"author":1,"featured_media":0,"parent":0,"menu_order":0,"comment_status":"closed","ping_status":"closed","template":"","meta":{"site-sidebar-layout":"no-sidebar","site-content-layout":"page-builder","ast-site-content-layout":"default","site-content-style":"default","site-sidebar-style":"default","ast-global-header-display":"","ast-banner-title-visibility":"","ast-main-header-display":"","ast-hfb-above-header-display":"","ast-hfb-below-header-display":"","ast-hfb-mobile-header-display":"","site-post-title":"disabled","ast-breadcrumbs-content":"","ast-featured-img":"disabled","footer-sml-layout":"","ast-disable-related-posts":"","theme-transparent-header-meta":"","adv-header-id-meta":"","stick-header-meta":"","header-above-stick-meta":"","header-main-stick-meta":"","header-below-stick-meta":"","astra-migrate-meta-layouts":"default","ast-page-background-enabled":"default","ast-page-background-meta":{"desktop":{"background-color":"var(--ast-global-color-4)","background-image":"","background-repeat":"repeat","background-position":"center center","background-size":"auto","background-attachment":"scroll","background-type":"","background-media":"","overlay-type":"","overlay-color":"","overlay-opacity":"","overlay-gradient":""},"tablet":{"background-color":"","background-image":"","background-repeat":"repeat","background-position":"center center","background-size":"auto","background-attachment":"scroll","background-type":"","background-media":"","overlay-type":"","overlay-color":"","overlay-opacity":"","overlay-gradient":""},"mobile":{"background-color":"","background-image":"","background-repeat":"repeat","background-position":"center center","background-size":"auto","background-attachment":"scroll","background-type":"","background-media":"","overlay-type":"","overlay-color":"","overlay-opacity":"","overlay-gradient":""}},"ast-content-background-meta":{"desktop":{"background-color":"var(--ast-global-color-5)","background-image":"","background-repeat":"repeat","background-position":"center center","background-size":"auto","background-attachment":"scroll","background-type":"","background-media":"","overlay-type":"","overlay-color":"","overlay-opacity":"","overlay-gradient":""},"tablet":{"background-color":"var(--ast-global-color-5)","background-image":"","background-repeat":"repeat","background-position":"center center","background-size":"auto","background-attachment":"scroll","background-type":"","background-media":"","overlay-type":"","overlay-color":"","overlay-opacity":"","overlay-gradient":""},"mobile":{"background-color":"var(--ast-global-color-5)","background-image":"","background-repeat":"repeat","background-position":"center center","background-size":"auto","background-attachment":"scroll","background-type":"","background-media":"","overlay-type":"","overlay-color":"","overlay-opacity":"","overlay-gradient":""}},"footnotes":""},"class_list":["post-18","page","type-page","status-publish","hentry"],"_links":{"self":[{"href":"https:\/\/www.anleggskortet.no\/index.php?rest_route=\/wp\/v2\/pages\/18","targetHints":{"allow":["GET"]}}],"collection":[{"href":"https:\/\/www.anleggskortet.no\/index.php?rest_route=\/wp\/v2\/pages"}],"about":[{"href":"https:\/\/www.anleggskortet.no\/index.php?rest_route=\/wp\/v2\/types\/page"}],"author":[{"embeddable":true,"href":"https:\/\/www.anleggskortet.no\/index.php?rest_route=\/wp\/v2\/users\/1"}],"replies":[{"embeddable":true,"href":"https:\/\/www.anleggskortet.no\/index.php?rest_route=%2Fwp%2Fv2%2Fcomments&post=18"}],"version-history":[{"count":13,"href":"https:\/\/www.anleggskortet.no\/index.php?rest_route=\/wp\/v2\/pages\/18\/revisions"}],"predecessor-version":[{"id":265,"href":"https:\/\/www.anleggskortet.no\/index.php?rest_route=\/wp\/v2\/pages\/18\/revisions\/265"}],"wp:attachment":[{"href":"https:\/\/www.anleggskortet.no\/index.php?rest_route=%2Fwp%2Fv2%2Fmedia&parent=18"}],"curies":[{"name":"wp","href":"https:\/\/api.w.org\/{rel}","templated":true}]}}